{"id":5734,"date":"2023-12-07T20:59:10","date_gmt":"2023-12-07T19:59:10","guid":{"rendered":"https:\/\/simonaugade.fr\/?page_id=5734"},"modified":"2023-12-11T21:47:46","modified_gmt":"2023-12-11T20:47:46","slug":"processionnaires","status":"publish","type":"page","link":"https:\/\/simonaugade.fr\/?page_id=5734","title":{"rendered":"PROCESSIONNAIRES"},"content":{"rendered":"\n<div class=\"wp-block-getwid-image-box has-text-center has-mobile-layout-default has-mobile-alignment-default\"><div class=\"wp-block-getwid-image-box__image-container is-position-top\"><div class=\"wp-block-getwid-image-box__image-wrapper\"><img loading=\"lazy\" decoding=\"async\" width=\"1440\" height=\"1080\" src=\"https:\/\/simonaugade.fr\/wp-content\/uploads\/2023\/12\/IMG_20211110_120107_BIS_WEB.jpg\" alt=\"\" class=\"wp-block-getwid-image-box__image wp-image-5642\" srcset=\"https:\/\/simonaugade.fr\/wp-content\/uploads\/2023\/12\/IMG_20211110_120107_BIS_WEB.jpg 1440w, https:\/\/simonaugade.fr\/wp-content\/uploads\/2023\/12\/IMG_20211110_120107_BIS_WEB-300x225.jpg 300w, https:\/\/simonaugade.fr\/wp-content\/uploads\/2023\/12\/IMG_20211110_120107_BIS_WEB-1024x768.jpg 1024w, https:\/\/simonaugade.fr\/wp-content\/uploads\/2023\/12\/IMG_20211110_120107_BIS_WEB-768x576.jpg 768w, https:\/\/simonaugade.fr\/wp-content\/uploads\/2023\/12\/IMG_20211110_120107_BIS_WEB-500x375.jpg 500w, https:\/\/simonaugade.fr\/wp-content\/uploads\/2023\/12\/IMG_20211110_120107_BIS_WEB-800x600.jpg 800w, https:\/\/simonaugade.fr\/wp-content\/uploads\/2023\/12\/IMG_20211110_120107_BIS_WEB-1280x960.jpg 1280w\" sizes=\"auto, (max-width: 1440px) 100vw, 1440px\" \/><\/div><\/div><div class=\"wp-block-getwid-image-box__content\">\n<h3 class=\"wp-block-heading\"><\/h3>\n\n\n\n<p><br><br><\/p>\n<\/div><\/div>\n\n\n\n<div class=\"wp-block-uagb-advanced-heading uagb-block-046f0fc5\"><h1 class=\"uagb-heading-text\"><em>PROCESSIONNAIRES<\/em><br>\u0152uvre participative<br>Ch\u00e2teaubourg<br><\/h1><div class=\"uagb-separator-wrap\"><div class=\"uagb-separator\"><\/div><\/div><p class=\"uagb-desc-text\">Invit\u00e9 par la ville de Ch\u00e2teaubourg pour la r\u00e9alisation d&rsquo;une oeuvre participative en lien avec <strong><em><a href=\"https:\/\/simonaugade.fr\/?portfolio=percee\">Perc\u00e9e<\/a><\/em><\/strong> , r\u00e9alis\u00e9e 1 an plus t\u00f4t sur la commune, Simon Augade imagine <strong><em>PROCESSIONNAIRES<\/em><\/strong> pour accueillir plus de 200 personnes \u00e0 collaborer \u00e0 sa r\u00e9alisation entre le 22 et le 28 Avril 2021.<\/p><\/div>\n\n\n\n<hr class=\"wp-block-separator has-css-opacity is-style-default\"\/>\n\n\n\n<p><\/p>\n\n\n\n<p class=\"has-text-align-center\">Installation collective et participative, planches (voliges) clous, vis,<br>2021.<\/p>\n\n\n\n<p class=\"has-text-align-center\">Participants :<br>&#8211; Classes de CE2, CM1, CM2 <br>&#8211; ITEP<br>&#8211; Accueil loisir<br>&#8211; Espace jeune<br>&#8211; Habitants<br><\/p>\n\n\n\n<p class=\"has-text-align-center\">Intervention in-situ sur l\u2019esplanade avec gradins enherb\u00e9 devant l\u2019ancien presbyt\u00e8re de la ville.<\/p>\n\n\n\n<p class=\"has-text-align-center\"><br><br><\/p>\n\n\n\n<div class=\"wp-block-group\"><div class=\"wp-block-group__inner-container is-layout-flow wp-block-group-is-layout-flow\">\n<div style=\"height:20px\" aria-hidden=\"true\" class=\"wp-block-spacer\"><\/div>\n\n\n\n<div class=\"wp-block-columns is-layout-flex wp-container-core-columns-is-layout-1 wp-block-columns-is-layout-flex\">\n<div class=\"wp-block-column is-layout-flow wp-block-column-is-layout-flow\">\n<div class=\"wp-block-advgb-images-slider advgb-images-slider-block advgb-images-slider-lightbox advg-images-slider-4115aebb-4dfe-4809-b21c-d83c3aa462bd\"><div class=\"advgb-images-slider\" dir=\"ltr\"><div class=\"advgb-image-slider-item\"><img decoding=\"async\" src=\"https:\/\/simonaugade.fr\/wp-content\/uploads\/2023\/12\/IMG_20211110_120056_BIS_R_WEB.jpg\" class=\"advgb-image-slider-img\" style=\"width:100%;height:auto\"\/><div class=\"advgb-image-slider-item-info\" style=\"justify-content:center;align-items:center\"><a class=\"advgb-image-slider-overlay\" target=\"_blank\" rel=\"noopener noreferrer\" href=\"#\"><\/a><\/div><\/div><div class=\"advgb-image-slider-item\"><img decoding=\"async\" src=\"https:\/\/simonaugade.fr\/wp-content\/uploads\/2023\/12\/IMG_20211111_164959_WEB.jpg\" class=\"advgb-image-slider-img\" style=\"width:100%;height:auto\"\/><div class=\"advgb-image-slider-item-info\" style=\"justify-content:center;align-items:center\"><a class=\"advgb-image-slider-overlay\" target=\"_blank\" rel=\"noopener noreferrer\" href=\"#\"><\/a><\/div><\/div><div class=\"advgb-image-slider-item\"><img decoding=\"async\" src=\"https:\/\/simonaugade.fr\/wp-content\/uploads\/2023\/12\/IMG_20211110_120301_WEB.jpg\" class=\"advgb-image-slider-img\" style=\"width:100%;height:auto\"\/><div class=\"advgb-image-slider-item-info\" style=\"justify-content:center;align-items:center\"><a class=\"advgb-image-slider-overlay\" target=\"_blank\" rel=\"noopener noreferrer\" href=\"#\"><\/a><\/div><\/div><div class=\"advgb-image-slider-item\"><img decoding=\"async\" src=\"https:\/\/simonaugade.fr\/wp-content\/uploads\/2023\/12\/IMG_20211111_165137_WEB.jpg\" class=\"advgb-image-slider-img\" style=\"width:100%;height:auto\"\/><div class=\"advgb-image-slider-item-info\" style=\"justify-content:center;align-items:center\"><a class=\"advgb-image-slider-overlay\" target=\"_blank\" rel=\"noopener noreferrer\" href=\"#\"><\/a><\/div><\/div><div class=\"advgb-image-slider-item\"><img decoding=\"async\" src=\"https:\/\/simonaugade.fr\/wp-content\/uploads\/2023\/12\/IMG_20211111_165030_WEB.jpg\" class=\"advgb-image-slider-img\" style=\"width:100%;height:auto\"\/><div class=\"advgb-image-slider-item-info\" style=\"justify-content:center;align-items:center\"><a class=\"advgb-image-slider-overlay\" target=\"_blank\" rel=\"noopener noreferrer\" href=\"#\"><\/a><\/div><\/div><div class=\"advgb-image-slider-item\"><img decoding=\"async\" src=\"https:\/\/simonaugade.fr\/wp-content\/uploads\/2023\/12\/IMG_20211111_165124_WEB.jpg\" class=\"advgb-image-slider-img\" style=\"width:100%;height:auto\"\/><div class=\"advgb-image-slider-item-info\" style=\"justify-content:center;align-items:center\"><a class=\"advgb-image-slider-overlay\" target=\"_blank\" rel=\"noopener noreferrer\" href=\"#\"><\/a><\/div><\/div><div class=\"advgb-image-slider-item\"><img decoding=\"async\" src=\"https:\/\/simonaugade.fr\/wp-content\/uploads\/2023\/12\/IMG_20211111_165048_WEB.jpg\" class=\"advgb-image-slider-img\" style=\"width:100%;height:auto\"\/><div class=\"advgb-image-slider-item-info\" style=\"justify-content:center;align-items:center\"><a class=\"advgb-image-slider-overlay\" target=\"_blank\" rel=\"noopener noreferrer\" href=\"#\"><\/a><\/div><\/div><div class=\"advgb-image-slider-item\"><img decoding=\"async\" src=\"https:\/\/simonaugade.fr\/wp-content\/uploads\/2023\/12\/IMG_20211111_165105_WEB.jpg\" class=\"advgb-image-slider-img\" style=\"width:100%;height:auto\"\/><div class=\"advgb-image-slider-item-info\" style=\"justify-content:center;align-items:center\"><a class=\"advgb-image-slider-overlay\" target=\"_blank\" rel=\"noopener noreferrer\" href=\"#\"><\/a><\/div><\/div><div class=\"advgb-image-slider-item\"><img decoding=\"async\" src=\"https:\/\/simonaugade.fr\/wp-content\/uploads\/2023\/12\/IMG_20211110_120318.jpg_BIS_WEB.jpg\" class=\"advgb-image-slider-img\" style=\"width:100%;height:auto\"\/><div class=\"advgb-image-slider-item-info\" style=\"justify-content:center;align-items:center\"><a class=\"advgb-image-slider-overlay\" target=\"_blank\" rel=\"noopener noreferrer\" href=\"#\"><\/a><\/div><\/div><div class=\"advgb-image-slider-item\"><img decoding=\"async\" src=\"https:\/\/simonaugade.fr\/wp-content\/uploads\/2023\/12\/IMG_20211110_120107_BIS_WEB.jpg\" class=\"advgb-image-slider-img\" style=\"width:100%;height:auto\"\/><div class=\"advgb-image-slider-item-info\" style=\"justify-content:center;align-items:center\"><a class=\"advgb-image-slider-overlay\" target=\"_blank\" rel=\"noopener noreferrer\" href=\"#\"><\/a><\/div><\/div><div class=\"advgb-image-slider-item\"><img decoding=\"async\" src=\"https:\/\/simonaugade.fr\/wp-content\/uploads\/2023\/12\/IMG_20211110_120128_BIS_WEB.jpg\" class=\"advgb-image-slider-img\" style=\"width:100%;height:auto\"\/><div class=\"advgb-image-slider-item-info\" style=\"justify-content:center;align-items:center\"><a class=\"advgb-image-slider-overlay\" target=\"_blank\" rel=\"noopener noreferrer\" href=\"#\"><\/a><\/div><\/div><div class=\"advgb-image-slider-item\"><img decoding=\"async\" src=\"https:\/\/simonaugade.fr\/wp-content\/uploads\/2023\/12\/IMG_20211112_103542_BIS_WEB.jpg\" class=\"advgb-image-slider-img\" style=\"width:100%;height:auto\"\/><div class=\"advgb-image-slider-item-info\" style=\"justify-content:center;align-items:center\"><a class=\"advgb-image-slider-overlay\" target=\"_blank\" rel=\"noopener noreferrer\" href=\"#\"><\/a><\/div><\/div><div class=\"advgb-image-slider-item\"><img decoding=\"async\" src=\"https:\/\/simonaugade.fr\/wp-content\/uploads\/2023\/12\/IMG_20211112_103554_BIS_WEB.jpg\" class=\"advgb-image-slider-img\" style=\"width:100%;height:auto\"\/><div class=\"advgb-image-slider-item-info\" style=\"justify-content:center;align-items:center\"><a class=\"advgb-image-slider-overlay\" target=\"_blank\" rel=\"noopener noreferrer\" href=\"#\"><\/a><\/div><\/div><div class=\"advgb-image-slider-item\"><img decoding=\"async\" src=\"https:\/\/simonaugade.fr\/wp-content\/uploads\/2023\/12\/IMG_20211112_103456_BIS_WEB.jpg\" class=\"advgb-image-slider-img\" style=\"width:100%;height:auto\"\/><div class=\"advgb-image-slider-item-info\" style=\"justify-content:center;align-items:center\"><a class=\"advgb-image-slider-overlay\" target=\"_blank\" rel=\"noopener noreferrer\" href=\"#\"><\/a><\/div><\/div><div class=\"advgb-image-slider-item\"><img decoding=\"async\" src=\"https:\/\/simonaugade.fr\/wp-content\/uploads\/2023\/12\/IMG_20211112_103445_WEB.jpg\" class=\"advgb-image-slider-img\" style=\"width:100%;height:auto\"\/><div class=\"advgb-image-slider-item-info\" style=\"justify-content:center;align-items:center\"><a class=\"advgb-image-slider-overlay\" target=\"_blank\" rel=\"noopener noreferrer\" href=\"#\"><\/a><\/div><\/div><div class=\"advgb-image-slider-item\"><img decoding=\"async\" src=\"https:\/\/simonaugade.fr\/wp-content\/uploads\/2023\/12\/IMG_20211112_103519_BIS_WEB.jpg\" class=\"advgb-image-slider-img\" style=\"width:100%;height:auto\"\/><div class=\"advgb-image-slider-item-info\" style=\"justify-content:center;align-items:center\"><a class=\"advgb-image-slider-overlay\" target=\"_blank\" rel=\"noopener noreferrer\" href=\"#\"><\/a><\/div><\/div><div class=\"advgb-image-slider-item\"><img decoding=\"async\" src=\"https:\/\/simonaugade.fr\/wp-content\/uploads\/2023\/12\/IMG_20211112_103509_BIS_WEB.jpg\" class=\"advgb-image-slider-img\" style=\"width:100%;height:auto\"\/><div class=\"advgb-image-slider-item-info\" style=\"justify-content:center;align-items:center\"><a class=\"advgb-image-slider-overlay\" target=\"_blank\" rel=\"noopener noreferrer\" href=\"#\"><\/a><\/div><\/div><div class=\"advgb-image-slider-item\"><img decoding=\"async\" src=\"https:\/\/simonaugade.fr\/wp-content\/uploads\/2023\/12\/IMG_20211112_103506_BIS_WEB.jpg\" class=\"advgb-image-slider-img\" style=\"width:100%;height:auto\"\/><div class=\"advgb-image-slider-item-info\" style=\"justify-content:center;align-items:center\"><a class=\"advgb-image-slider-overlay\" target=\"_blank\" rel=\"noopener noreferrer\" href=\"#\"><\/a><\/div><\/div><\/div><\/div>\n\n\n\n<p><\/p>\n<\/div>\n\n\n\n<div class=\"wp-block-column is-layout-flow wp-block-column-is-layout-flow\" style=\"flex-basis:1%\"><\/div>\n\n\n\n<div class=\"wp-block-column is-layout-flow wp-block-column-is-layout-flow\">\n<div class=\"wp-block-advgb-images-slider advgb-images-slider-block advgb-images-slider-lightbox advg-images-slider-44f92b72-7148-4066-9406-209e32736b7d\"><div class=\"advgb-images-slider\" dir=\"ltr\"><div class=\"advgb-image-slider-item\"><img decoding=\"async\" src=\"https:\/\/simonaugade.fr\/wp-content\/uploads\/2023\/12\/IMG_20211104_140122-WEB.jpg\" class=\"advgb-image-slider-img\" style=\"width:100%;height:auto\"\/><div class=\"advgb-image-slider-item-info\" style=\"justify-content:center;align-items:center\"><a class=\"advgb-image-slider-overlay\" target=\"_blank\" rel=\"noopener noreferrer\" href=\"#\"><\/a><\/div><\/div><div class=\"advgb-image-slider-item\"><img decoding=\"async\" src=\"https:\/\/simonaugade.fr\/wp-content\/uploads\/2023\/12\/IMG_20211104_143102-WEB.jpg\" class=\"advgb-image-slider-img\" style=\"width:100%;height:auto\"\/><div class=\"advgb-image-slider-item-info\" style=\"justify-content:center;align-items:center\"><a class=\"advgb-image-slider-overlay\" target=\"_blank\" rel=\"noopener noreferrer\" href=\"#\"><\/a><\/div><\/div><div class=\"advgb-image-slider-item\"><img decoding=\"async\" src=\"https:\/\/simonaugade.fr\/wp-content\/uploads\/2023\/12\/IMG_20211105_102524-WEB.jpg\" class=\"advgb-image-slider-img\" style=\"width:100%;height:auto\"\/><div class=\"advgb-image-slider-item-info\" style=\"justify-content:center;align-items:center\"><a class=\"advgb-image-slider-overlay\" target=\"_blank\" rel=\"noopener noreferrer\" href=\"#\"><\/a><\/div><\/div><div class=\"advgb-image-slider-item\"><img decoding=\"async\" src=\"https:\/\/simonaugade.fr\/wp-content\/uploads\/2023\/12\/IMG_20211105_102544-WEB.jpg\" class=\"advgb-image-slider-img\" style=\"width:100%;height:auto\"\/><div class=\"advgb-image-slider-item-info\" style=\"justify-content:center;align-items:center\"><a class=\"advgb-image-slider-overlay\" target=\"_blank\" rel=\"noopener noreferrer\" href=\"#\"><\/a><\/div><\/div><div class=\"advgb-image-slider-item\"><img decoding=\"async\" src=\"https:\/\/simonaugade.fr\/wp-content\/uploads\/2023\/12\/IMG_20211105_104744-WEB.jpg\" class=\"advgb-image-slider-img\" style=\"width:100%;height:auto\"\/><div class=\"advgb-image-slider-item-info\" style=\"justify-content:center;align-items:center\"><a class=\"advgb-image-slider-overlay\" target=\"_blank\" rel=\"noopener noreferrer\" href=\"#\"><\/a><\/div><\/div><div class=\"advgb-image-slider-item\"><img decoding=\"async\" src=\"https:\/\/simonaugade.fr\/wp-content\/uploads\/2023\/12\/IMG_20211105_104751-WEB.jpg\" class=\"advgb-image-slider-img\" style=\"width:100%;height:auto\"\/><div class=\"advgb-image-slider-item-info\" style=\"justify-content:center;align-items:center\"><a class=\"advgb-image-slider-overlay\" target=\"_blank\" rel=\"noopener noreferrer\" href=\"#\"><\/a><\/div><\/div><div class=\"advgb-image-slider-item\"><img decoding=\"async\" src=\"https:\/\/simonaugade.fr\/wp-content\/uploads\/2023\/12\/IMG_20211105_154808-WEB.jpg\" class=\"advgb-image-slider-img\" style=\"width:100%;height:auto\"\/><div class=\"advgb-image-slider-item-info\" style=\"justify-content:center;align-items:center\"><a class=\"advgb-image-slider-overlay\" target=\"_blank\" rel=\"noopener noreferrer\" href=\"#\"><\/a><\/div><\/div><div class=\"advgb-image-slider-item\"><img decoding=\"async\" src=\"https:\/\/simonaugade.fr\/wp-content\/uploads\/2023\/12\/IMG_20211105_175348-WEB.jpg\" class=\"advgb-image-slider-img\" style=\"width:100%;height:auto\"\/><div class=\"advgb-image-slider-item-info\" style=\"justify-content:center;align-items:center\"><a class=\"advgb-image-slider-overlay\" target=\"_blank\" rel=\"noopener noreferrer\" href=\"#\"><\/a><\/div><\/div><\/div><\/div>\n<\/div>\n<\/div>\n<\/div><\/div>\n\n\n\n<div class=\"wp-block-group\"><div class=\"wp-block-group__inner-container is-layout-flow wp-block-group-is-layout-flow\"><\/div><\/div>\n\n\n\n<div style=\"height:30px\" aria-hidden=\"true\" class=\"wp-block-spacer\"><\/div>\n\n\n\n<div style=\"height:100px\" aria-hidden=\"true\" class=\"wp-block-spacer\"><\/div>\n","protected":false},"excerpt":{"rendered":"<p>PROCESSIONNAIRES\u0152uvre participativeCh\u00e2teaubourg Invit\u00e9 par la ville de Ch\u00e2teaubourg pour la r\u00e9alisation d&rsquo;une oeuvre participative en lien avec Perc\u00e9e , r\u00e9alis\u00e9e 1 an plus t\u00f4t sur la commune, Simon Augade imagine PROCESSIONNAIRES pour accueillir plus de 200 personnes \u00e0 collaborer \u00e0 sa r\u00e9alisation entre le 22 et le 28 Avril 2021. Installation collective et participative, planches (voliges) clous, vis,2021. Participants :&#8211; Classes de CE2, CM1, CM2 &#8211; ITEP&#8211; Accueil loisir&#8211; Espace<\/p>\n<div class=\"read-more\"><a class=\"btn read-more-btn\" href=\"https:\/\/simonaugade.fr\/?page_id=5734\">Lire la suite<\/a><\/div>\n","protected":false},"author":1,"featured_media":5651,"parent":0,"menu_order":0,"comment_status":"closed","ping_status":"closed","template":"","meta":{"_uag_custom_page_level_css":"","advgb_blocks_editor_width":"","advgb_blocks_columns_visual_guide":"","pgc_sgb_lightbox_settings":"","_vp_format_video_url":"","_vp_image_focal_point":[],"footnotes":""},"class_list":["post-5734","page","type-page","status-publish","has-post-thumbnail","hentry"],"featured_image_urls_v2":{"full":["https:\/\/simonaugade.fr\/wp-content\/uploads\/2023\/12\/IMG_20211111_165137_WEB.jpg",810,1080,false],"thumbnail":["https:\/\/simonaugade.fr\/wp-content\/uploads\/2023\/12\/IMG_20211111_165137_WEB-150x150.jpg",150,150,true],"medium":["https:\/\/simonaugade.fr\/wp-content\/uploads\/2023\/12\/IMG_20211111_165137_WEB-225x300.jpg",225,300,true],"medium_large":["https:\/\/simonaugade.fr\/wp-content\/uploads\/2023\/12\/IMG_20211111_165137_WEB-768x1024.jpg",640,853,true],"large":["https:\/\/simonaugade.fr\/wp-content\/uploads\/2023\/12\/IMG_20211111_165137_WEB-768x1024.jpg",640,853,true],"1536x1536":["https:\/\/simonaugade.fr\/wp-content\/uploads\/2023\/12\/IMG_20211111_165137_WEB.jpg",810,1080,false],"2048x2048":["https:\/\/simonaugade.fr\/wp-content\/uploads\/2023\/12\/IMG_20211111_165137_WEB.jpg",810,1080,false],"vp_sm":["https:\/\/simonaugade.fr\/wp-content\/uploads\/2023\/12\/IMG_20211111_165137_WEB-500x667.jpg",500,667,true],"vp_md":["https:\/\/simonaugade.fr\/wp-content\/uploads\/2023\/12\/IMG_20211111_165137_WEB-800x1067.jpg",800,1067,true],"vp_lg":["https:\/\/simonaugade.fr\/wp-content\/uploads\/2023\/12\/IMG_20211111_165137_WEB.jpg",810,1080,false],"vp_xl":["https:\/\/simonaugade.fr\/wp-content\/uploads\/2023\/12\/IMG_20211111_165137_WEB.jpg",810,1080,false],"vp_sm_popup":["https:\/\/simonaugade.fr\/wp-content\/uploads\/2023\/12\/IMG_20211111_165137_WEB-500x667.jpg",500,667,true],"vp_md_popup":["https:\/\/simonaugade.fr\/wp-content\/uploads\/2023\/12\/IMG_20211111_165137_WEB-800x1067.jpg",800,1067,true],"vp_xl_popup":["https:\/\/simonaugade.fr\/wp-content\/uploads\/2023\/12\/IMG_20211111_165137_WEB.jpg",810,1080,false]},"post_excerpt_stackable_v2":"<p>PROCESSIONNAIRES\u0152uvre participativeCh\u00e2teaubourgInvit\u00e9 par la ville de Ch\u00e2teaubourg pour la r\u00e9alisation d&rsquo;une oeuvre participative en lien avec Perc\u00e9e , r\u00e9alis\u00e9e 1 an plus t\u00f4t sur la commune, Simon Augade imagine PROCESSIONNAIRES pour accueillir plus de 200 personnes \u00e0 collaborer \u00e0 sa r\u00e9alisation entre le 22 et le 28 Avril 2021. Installation collective et participative, planches (voliges) clous, vis,2021. Participants :&#8211; Classes de CE2, CM1, CM2 &#8211; ITEP&#8211; Accueil loisir&#8211; Espace jeune&#8211; Habitants Intervention in-situ sur l\u2019esplanade avec gradins enherb\u00e9 devant l\u2019ancien presbyt\u00e8re de la ville.<\/p>\n","category_list_v2":"","author_info_v2":{"name":"admin9868","url":"https:\/\/simonaugade.fr\/?author=1"},"comments_num_v2":"0 commentaire","uagb_featured_image_src":{"full":["https:\/\/simonaugade.fr\/wp-content\/uploads\/2023\/12\/IMG_20211111_165137_WEB.jpg",810,1080,false],"thumbnail":["https:\/\/simonaugade.fr\/wp-content\/uploads\/2023\/12\/IMG_20211111_165137_WEB-150x150.jpg",150,150,true],"medium":["https:\/\/simonaugade.fr\/wp-content\/uploads\/2023\/12\/IMG_20211111_165137_WEB-225x300.jpg",225,300,true],"medium_large":["https:\/\/simonaugade.fr\/wp-content\/uploads\/2023\/12\/IMG_20211111_165137_WEB-768x1024.jpg",640,853,true],"large":["https:\/\/simonaugade.fr\/wp-content\/uploads\/2023\/12\/IMG_20211111_165137_WEB-768x1024.jpg",640,853,true],"1536x1536":["https:\/\/simonaugade.fr\/wp-content\/uploads\/2023\/12\/IMG_20211111_165137_WEB.jpg",810,1080,false],"2048x2048":["https:\/\/simonaugade.fr\/wp-content\/uploads\/2023\/12\/IMG_20211111_165137_WEB.jpg",810,1080,false],"vp_sm":["https:\/\/simonaugade.fr\/wp-content\/uploads\/2023\/12\/IMG_20211111_165137_WEB-500x667.jpg",500,667,true],"vp_md":["https:\/\/simonaugade.fr\/wp-content\/uploads\/2023\/12\/IMG_20211111_165137_WEB-800x1067.jpg",800,1067,true],"vp_lg":["https:\/\/simonaugade.fr\/wp-content\/uploads\/2023\/12\/IMG_20211111_165137_WEB.jpg",810,1080,false],"vp_xl":["https:\/\/simonaugade.fr\/wp-content\/uploads\/2023\/12\/IMG_20211111_165137_WEB.jpg",810,1080,false],"vp_sm_popup":["https:\/\/simonaugade.fr\/wp-content\/uploads\/2023\/12\/IMG_20211111_165137_WEB-500x667.jpg",500,667,true],"vp_md_popup":["https:\/\/simonaugade.fr\/wp-content\/uploads\/2023\/12\/IMG_20211111_165137_WEB-800x1067.jpg",800,1067,true],"vp_xl_popup":["https:\/\/simonaugade.fr\/wp-content\/uploads\/2023\/12\/IMG_20211111_165137_WEB.jpg",810,1080,false]},"uagb_author_info":{"display_name":"admin9868","author_link":"https:\/\/simonaugade.fr\/?author=1"},"uagb_comment_info":0,"uagb_excerpt":"PROCESSIONNAIRES\u0152uvre participativeCh\u00e2teaubourg Invit\u00e9 par la ville de Ch\u00e2teaubourg pour la r\u00e9alisation d&rsquo;une oeuvre participative en lien avec Perc\u00e9e , r\u00e9alis\u00e9e 1 an plus t\u00f4t sur la commune, Simon Augade imagine PROCESSIONNAIRES pour accueillir plus de 200 personnes \u00e0 collaborer \u00e0 sa r\u00e9alisation entre le 22 et le 28 Avril 2021. Installation collective et participative, planches\u2026","coauthors":[],"author_meta":{"author_link":"https:\/\/simonaugade.fr\/?author=1","display_name":"admin9868"},"relative_dates":{"created":"Publi\u00e9 2 ans il y a","modified":"Mis \u00e0 jour 2 ans il y a"},"absolute_dates":{"created":"Publi\u00e9 le 7 d\u00e9cembre 2023","modified":"Mise \u00e0 jour le 11 d\u00e9cembre 2023"},"absolute_dates_time":{"created":"Publi\u00e9 le 7 d\u00e9cembre 2023 20 h 59 min","modified":"Mise \u00e0 jour le 11 d\u00e9cembre 2023 21 h 47 min"},"featured_img_caption":"","featured_img":"https:\/\/simonaugade.fr\/wp-content\/uploads\/2023\/12\/IMG_20211111_165137_WEB.jpg","series_order":"","_links":{"self":[{"href":"https:\/\/simonaugade.fr\/index.php?rest_route=\/wp\/v2\/pages\/5734","targetHints":{"allow":["GET"]}}],"collection":[{"href":"https:\/\/simonaugade.fr\/index.php?rest_route=\/wp\/v2\/pages"}],"about":[{"href":"https:\/\/simonaugade.fr\/index.php?rest_route=\/wp\/v2\/types\/page"}],"author":[{"embeddable":true,"href":"https:\/\/simonaugade.fr\/index.php?rest_route=\/wp\/v2\/users\/1"}],"replies":[{"embeddable":true,"href":"https:\/\/simonaugade.fr\/index.php?rest_route=%2Fwp%2Fv2%2Fcomments&post=5734"}],"version-history":[{"count":14,"href":"https:\/\/simonaugade.fr\/index.php?rest_route=\/wp\/v2\/pages\/5734\/revisions"}],"predecessor-version":[{"id":5851,"href":"https:\/\/simonaugade.fr\/index.php?rest_route=\/wp\/v2\/pages\/5734\/revisions\/5851"}],"wp:featuredmedia":[{"embeddable":true,"href":"https:\/\/simonaugade.fr\/index.php?rest_route=\/wp\/v2\/media\/5651"}],"wp:attachment":[{"href":"https:\/\/simonaugade.fr\/index.php?rest_route=%2Fwp%2Fv2%2Fmedia&parent=5734"}],"curies":[{"name":"wp","href":"https:\/\/api.w.org\/{rel}","templated":true}]}}