{"id":2981,"date":"2020-04-30T18:03:26","date_gmt":"2020-04-30T16:03:26","guid":{"rendered":"http:\/\/simonaugade.fr\/?page_id=2981"},"modified":"2025-04-07T10:05:54","modified_gmt":"2025-04-07T08:05:54","slug":"portfolio-pdf","status":"publish","type":"page","link":"https:\/\/simonaugade.fr\/?page_id=2981","title":{"rendered":"Portfolio PDF"},"content":{"rendered":"\n<div class=\"wp-block-ugb-columns ugb-columns ugb-f31d54d ugb-columns--design-plain ugb-columns--columns-2 ugb-main-block\"><div class=\"ugb-inner-block\"><div class=\"ugb-block-content\"><div class=\"ugb-columns__item ugb-f31d54d-content-wrapper\">\n<div class=\"wp-block-ugb-column ugb-column ugb-8f3d149 ugb-column--design-plain ugb-main-block\"><div class=\"ugb-inner-block\"><div class=\"ugb-block-content\"><div class=\"ugb-column__item ugb-8f3d149-column-wrapper\"><div class=\"ugb-column__content-wrapper\">\n<div class=\"aligncenter wp-block-ugb-button ugb-button-wrapper ugb-6a90d2d ugb-button--collapse-mobile ugb-main-block\"><div class=\"ugb-inner-block\"><div class=\"ugb-block-content\"><div class=\"ugb-button-container\"><a class=\"ugb-button1 ugb-button ugb-button--size-normal ugb-button--ghost-to-normal-effect ugb--hover-effect-scale-more ugb-button--design-ghost\" href=\"https:\/\/simonaugade.fr\/wp-content\/uploads\/2025\/04\/PORTFOLIO_Simon-AUGADE_A4-portrait-2025_60-Mo.pdf\" rel=\"\" title=\"\"><span class=\"ugb-button--inner\">PORTFOLIO PDF <br> Haute d\u00e9finition <br>(60 Mo)<\/span><\/a><\/div><\/div><\/div><\/div>\n<\/div><\/div><\/div><\/div><\/div>\n\n\n\n<div class=\"wp-block-ugb-column ugb-column ugb-438aaf8 ugb-column--design-plain ugb-main-block\"><div class=\"ugb-inner-block\"><div class=\"ugb-block-content\"><div class=\"ugb-column__item ugb-438aaf8-column-wrapper\"><div class=\"ugb-column__content-wrapper\">\n<div class=\"aligncenter wp-block-ugb-button ugb-button-wrapper ugb-4379271 ugb-button--collapse-mobile ugb-main-block\"><div class=\"ugb-inner-block\"><div class=\"ugb-block-content\"><div class=\"ugb-button-container\"><a class=\"ugb-button1 ugb-button ugb-button--size-normal ugb-button--ghost-to-normal-effect ugb--hover-effect-scale-more ugb-button--design-ghost\" href=\"https:\/\/simonaugade.fr\/wp-content\/uploads\/2025\/04\/PORTFOLIO_Simon-AUGADE_A4-portrait-2025_7-Mo.pdf\" rel=\"\" title=\"\"><span class=\"ugb-button--inner\">PORTFOLIO PDF <br>Compress\u00e9 <br>(7 Mo)<\/span><\/a><\/div><\/div><\/div><\/div>\n<\/div><\/div><\/div><\/div><\/div>\n<\/div><\/div><\/div><\/div>\n\n\n\n<p><\/p>\n<style class=\"advgb-styles-renderer\">.ugb-6a90d2d .ugb-block-content{justify-content:flex-end !important}.ugb-6a90d2d .ugb-button1 .ugb-button--inner{color:#313131 !important}.ugb-6a90d2d .ugb-button1{border-color:#313131 !important;border-radius:100px !important}.ugb-6a90d2d .ugb-button1:hover{background-color:#313131 !important;opacity:1}.ugb-6a90d2d .ugb-button1:hover .ugb-button--inner{color:#ffffff !important}.ugb-6a90d2d .ugb-button1:before{content:\"\";background-image:linear-gradient(90deg,#313131,#313131);border-radius:100px !important}.ugb-6a90d2d .ugb-inner-block{text-align:right}@media screen and (max-width:768px){.ugb-6a90d2d .ugb-block-content{flex-direction:column;align-items:flex-end}}.ugb-4379271 .ugb-block-content{justify-content:flex-start !important}.ugb-4379271 .ugb-button1 .ugb-button--inner{color:#313131 !important}.ugb-4379271 .ugb-button1{border-color:#313131 !important;border-radius:100px !important}.ugb-4379271 .ugb-button1:hover{background-color:#313131 !important;opacity:1}.ugb-4379271 .ugb-button1:hover .ugb-button--inner{color:#ffffff !important}.ugb-4379271 .ugb-button1:before{content:\"\";background-image:linear-gradient(90deg,#313131,#313131);border-radius:100px !important}.ugb-4379271 .ugb-inner-block{text-align:left}@media screen and (max-width:768px){.ugb-4379271 .ugb-block-content{flex-direction:column;align-items:flex-start}}<\/style>","protected":false},"excerpt":{"rendered":"<p>PORTFOLIO PDF Haute d\u00e9finition (60 Mo) PORTFOLIO PDF Compress\u00e9 (7 Mo)<\/p>\n","protected":false},"author":1,"featured_media":0,"parent":0,"menu_order":0,"comment_status":"closed","ping_status":"closed","template":"","meta":{"_uag_custom_page_level_css":"","advgb_blocks_editor_width":"","advgb_blocks_columns_visual_guide":"","pgc_sgb_lightbox_settings":"","_vp_format_video_url":"","_vp_image_focal_point":[],"footnotes":""},"class_list":["post-2981","page","type-page","status-publish","hentry"],"featured_image_urls_v2":{"full":"","thumbnail":"","medium":"","medium_large":"","large":"","1536x1536":"","2048x2048":"","vp_sm":"","vp_md":"","vp_lg":"","vp_xl":"","vp_sm_popup":"","vp_md_popup":"","vp_xl_popup":""},"post_excerpt_stackable_v2":"<p>PORTFOLIO PDF Haute d\u00e9finition (60 Mo) PORTFOLIO PDF Compress\u00e9 (7 Mo)<\/p>\n","category_list_v2":"","author_info_v2":{"name":"admin9868","url":"https:\/\/simonaugade.fr\/?author=1"},"comments_num_v2":"0 commentaire","uagb_featured_image_src":{"full":false,"thumbnail":false,"medium":false,"medium_large":false,"large":false,"1536x1536":false,"2048x2048":false,"vp_sm":false,"vp_md":false,"vp_lg":false,"vp_xl":false,"vp_sm_popup":false,"vp_md_popup":false,"vp_xl_popup":false},"uagb_author_info":{"display_name":"admin9868","author_link":"https:\/\/simonaugade.fr\/?author=1"},"uagb_comment_info":0,"uagb_excerpt":"PORTFOLIO PDF Haute d\u00e9finition (60 Mo) PORTFOLIO PDF Compress\u00e9 (7 Mo)","coauthors":[],"author_meta":{"author_link":"https:\/\/simonaugade.fr\/?author=1","display_name":"admin9868"},"relative_dates":{"created":"Publi\u00e9 6 ans il y a","modified":"Mis \u00e0 jour 1 an il y a"},"absolute_dates":{"created":"Publi\u00e9 le 30 avril 2020","modified":"Mise \u00e0 jour le 7 avril 2025"},"absolute_dates_time":{"created":"Publi\u00e9 le 30 avril 2020 18 h 03 min","modified":"Mise \u00e0 jour le 7 avril 2025 10 h 05 min"},"featured_img_caption":"","featured_img":false,"series_order":"","_links":{"self":[{"href":"https:\/\/simonaugade.fr\/index.php?rest_route=\/wp\/v2\/pages\/2981","targetHints":{"allow":["GET"]}}],"collection":[{"href":"https:\/\/simonaugade.fr\/index.php?rest_route=\/wp\/v2\/pages"}],"about":[{"href":"https:\/\/simonaugade.fr\/index.php?rest_route=\/wp\/v2\/types\/page"}],"author":[{"embeddable":true,"href":"https:\/\/simonaugade.fr\/index.php?rest_route=\/wp\/v2\/users\/1"}],"replies":[{"embeddable":true,"href":"https:\/\/simonaugade.fr\/index.php?rest_route=%2Fwp%2Fv2%2Fcomments&post=2981"}],"version-history":[{"count":17,"href":"https:\/\/simonaugade.fr\/index.php?rest_route=\/wp\/v2\/pages\/2981\/revisions"}],"predecessor-version":[{"id":6500,"href":"https:\/\/simonaugade.fr\/index.php?rest_route=\/wp\/v2\/pages\/2981\/revisions\/6500"}],"wp:attachment":[{"href":"https:\/\/simonaugade.fr\/index.php?rest_route=%2Fwp%2Fv2%2Fmedia&parent=2981"}],"curies":[{"name":"wp","href":"https:\/\/api.w.org\/{rel}","templated":true}]}}